12*c = -29 + 5. Suppose -n = -3*n - c*q - 210, -4*q = 5*n + 523. Let z = n - -152. Calculate the highest common factor of 7 and z.
7
Let y = 311 + -165. Let z = 78 - y. Let j be (-2)/(-8) + 0 - 595/z. What is the greatest common divisor of j and 36?
9
Let v(n) = -35*n - 12. Let q be v(-8). Let h = 13337 - 13136. Calculate the greatest common factor of h and q.
67
Let r = -3683 - -370. Let m = -2035 - r. Calculate the highest common factor of m and 9.
9
Let u = 11 - 13. Let v be 75 - (2 - u/2). Let q = -283 + 292. Calculate the greatest common factor of v and q.
9
Suppose -3*h - f + 0*f = -1535, 2*h - 5*f - 995 = 0. Suppose -2496606*c + 2496627*c - 630 = 0. What is the greatest common divisor of h and c?
30
Suppose 0*r + 2*r = 4*l + 154, 0 = l + 1. Suppose -j + 150 = 4*j. Calculate the greatest common factor of r and j.
15
Let f(l) = l**3 + 18*l**2 + 16*l + 5. Let d be f(-17). Suppose -d*t = -39*t + 663. What is the highest common divisor of 65 and t?
13
Suppose -i + 4*h = -14, 9*h - 19 = -2*i + 14*h. Suppose -4 + 140 = i*s. Calculate the greatest common divisor of 17 and s.
17
Let k(t) = 155*t - 156*t - 5 + 1. Let y be k(-4). Suppose -3*o + 57 + 153 = y. What is the highest common divisor of 105 and o?
35
Let z(o) = -o**3 + 233*o**2 + 244*o - 2322. Let k be z(234). Let v(q) = q**3 - 3*q**2 - 7*q - 3. Let u be v(6). Calculate the highest common divisor of k and u.
9
Let n be (1 + 2)/3 + 2 + 11. Suppose -h = -4*x - n, -h + 0*h = 3*x. Suppose h*j - 4 = 8. What is the greatest common divisor of j and 1?
1
Let a = 1 - -6. Suppose -12720 + 5075 = 5*p - 60*p. Suppose 0 = -11*i - a + p. What is the highest common divisor of 96 and i?
12
Suppose -23531 = -288*u + 40*u + 116837. What is the highest common divisor of u and 10?
2
Suppose 2225 + 622 = 3*k. What is the greatest common factor of k and 39?
13
Suppose 4*x + 50*t = 49*t + 9766, -4*t - 8 = 0. What is the highest common divisor of x and 666?
222
Suppose 6*p + 6 = 42. Suppose p = -27*f + 29*f. What is the highest common factor of 120 and f?
3
Let a be (-4)/44 - (-8255)/55. Suppose -2*x - x - 99 = -3*t, 4*t - a = -2*x. Suppose 0 = -h - 4*h + 20. Calculate the highest common factor of t and h.
4
Let m(f) = 153*f + 669. Let s be m(-4). What is the greatest common divisor of 7296 and s?
57
Let o(j) = -5*j**2 + 56*j - 7. Let k be o(11). Suppose -2*f = -2, 61 - 1 = k*l - 4*f. Calculate the highest common factor of l and 16.
16
Let d(n) = 2*n + 154. Let u be 76/24 - (3 + (-17)/6). Suppose 3*c = i + 2, -c = 3*c + u*i + 6. Let w be d(c). What is the greatest common divisor of w and 22?
22
Let f = -51 + 56. Suppose -2577 = f*t + p, -3*p + 2583 = -5*t - 2*p. Let a = 884 + t. What is the highest common divisor of a and 46?
46
Suppose -5*a - 2*z = -152, -80*z - 149 = -5*a - 79*z. Suppose -42 = -6*d + a. Let g be (-2)/3 + 38/3. What is the greatest common factor of d and g?
12
Let f be (54 + -9 - 7) + -10. Suppose 5*v = -3*q - 563, -5*q + 4*q - 2*v = 187. Let l = q - -331. Calculate the greatest common divisor of f and l.
28
Let r = 148 + -143. Let v be 2 + 15/r - -46. What is the highest common divisor of 3 and v?
3
Suppose 0 = -3*k + 39 + 294. Let a = -1098 - -1553. Suppose 7*q - 63 = a. What is the highest common divisor of k and q?
37
Let p(h) = -4*h - 117. Let n be p(-28). Let y be 3*(-145)/(-15) - (n - 0). What is the greatest common divisor of 136 and y?
34
Suppose 3*i = -2*u + 384, 641 = 5*i - 50*u + 53*u. What is the greatest common factor of i and 1586?
26
Let p = -7028 + 7283. Calculate the greatest common factor of p and 75.
15
Suppose -5583*t + 5594*t - 44 = 0. Let g be (-4)/6*6/(-1). Calculate the highest common factor of t and g.
4
Suppose 0 = c - 4*b - 739, -4*c = 2*b - 665 - 2327. Calculate the highest common factor of 664 and c.
83
Let s = 93 - 37. Let i be 0 - (-2)/7 - (-4352)/s. Calculate the greatest common factor of i and 104.
26
Let u be 96/(-12) - 38/(-2). Suppose y - 36 = -2*y. Suppose u*l + 14 = y*l. What is the highest common divisor of l and 112?
14
Let q(x) = -x**3 + 35*x**2 + 51*x - 125. Let u be q(36). Calculate the greatest common divisor of u and 15.
5
Suppose -9*v + 163886 + 85494 = 11*v. What is the highest common divisor of v and 1685?
337
Let k be 37 - (-2 - -2) - (8 - (2 + 4)). Suppose 0*n + 4*n - 380 = 0. What is the greatest common factor of n and k?
5
Suppose 2*u + 206 = 4*g - 0*u, 5*g + u = 275. Let q be -4*g*6/16. Let m = q + 111. Calculate the highest common divisor of 20 and m.
10
Let x be ((-21)/(-4) - 0)*40. Let t(i) = 20*i**2 - 141*i + 17. Let o be t(7). What is the greatest common divisor of x and o?
10
Let l = 64 + -41. Suppose l = 5*t + 13. Let w be ((-6)/t + 2)*-3. What is the highest common factor of w and 15?
3
Let b be (-114)/(-95)*493675/26. What is the greatest common factor of 21 and b?
21
Suppose -31*j - 112*j + 22381 = -10652. Calculate the highest common divisor of j and 9317.
77
Let s be (-455)/2*(-20)/(-25) - 0. Let t = s - -257. Calculate the greatest common factor of 30 and t.
15
Let g = -26825 + 26903. Let j = 643 + -448. Calculate the greatest common factor of g and j.
39
Let n be 2086/(-22) + (-2)/11. Let t be (12 + -4)/2 - n. Suppose 5*g - 2*g = t. What is the greatest common divisor of g and 11?
11
Suppose -n - 5*l = -404, 753*n - 750*n + l - 1128 = 0. Let m = -21 - -32. What is the greatest common factor of m and n?
11
Suppose -111*o + 160*o = 26901. What is the greatest common factor of 305 and o?
61
Let i(q) = -q**3 + 12*q**2 - 24*q + 92. Let w be i(10). What is the highest common factor of w and 585?
13
Let s = -57 - -57. Suppose 2*m - 492 = 3*x, -2*m + s*m = -4*x - 492. Suppose m = 5*g + 21. What is the highest common factor of g and 45?
45
Let u(y) = 97*y + 422. Let z be u(-5). Let t be (z/(-2))/((-2)/(-24)). Calculate the highest common factor of 90 and t.
18
Let m(b) = -28*b**3 + 5*b**2 - 14*b + 2. Let t be m(2). Let n be (10 - t/(-35))/(2/35). Calculate the highest common factor of n and 105.
15
Suppose -5*p + 99 = 79. Suppose -124 = -p*l + x, -7*x + 3*x = -2*l + 76. What is the highest common divisor of l and 42?
6
Let j(c) = 68*c + 7. Let f be j(-2). Let i = f + 126. Let h = i - -7. Calculate the greatest common divisor of 44 and h.
4
Let b be 4/18 + 392/18. Suppose -2*c + 6 = 0, w + b - 69 = -3*c. Calculate the highest common factor of 171 and w.
19
Suppose 0 = -4*m + 3*y + 5071, -65*m + 2*y = -63*m - 2538. Calculate the highest common factor of 256 and m.
16
Suppose -254 = -4*d - 178. What is the highest common divisor of 703 and d?
19
Let n = -18 - -12. Let c be (32/n)/((-5)/(-30)). Let d = c - -65. Calculate the greatest common divisor of d and 22.
11
Let n(r) = -r**3 + 22*r**2 - 10*r - 51. Let a be n(11). Calculate the greatest common factor of 12 and a.
6
Let q(z) = z**3 - 7*z**2 - 2*z + 7. Let a be q(7). Let i = 19 + a. Let c be (2 - (-56)/i)*9. What is the greatest common divisor of c and 12?
12
Let f(p) = p**2 - 1334*p + 608. Let n be f(0). What is the highest common divisor of 1568 and n?
32
Let y = -1 + 4. Let a = -146 - -158. Suppose -11*o + a = -7*o. Calculate the highest common divisor of o and y.
3
Suppose -5*u = 7*v - 11*v - 2126, v + 1692 = 4*u. Let q = u - 397. What is the greatest common factor of 10 and q?
5
Suppose 1373*j - 1344*j - 32364 = 0. Calculate the highest common divisor of 450 and j.
18
Let q = 5 + -7. Let k be q/10 + -329*(-3)/35. Suppose 4*b - 3*y + 2 = 34, b - 8 = -3*y. What is the highest common factor of b and k?
4
Suppose -5*q = -5*a - 7*q + 194, -2*q = 6. Let n = a + -21. Calculate the greatest common factor of 2 and n.
1
Let r(y) = 4 - y**3 + 20*y**2 + 56*y - 7*y**2 + 44 - 44*y. Let h be r(14). Suppose 0 = -p + 145 - 5. What is the greatest common factor of h and p?
20
Let j(t) = 36*t + 191. Let u be j(-4). Let g = u + 61. Calculate the highest common factor of g and 135.
27
Suppose 0 = 5*h + 181*h - 31248. Calculate the highest common divisor of 84 and h.
84
Suppose -8*f + 272 - 64 = 0. Suppose 3*q + 2*w - 86 = f, -4*q - w = -156. Suppose -j = -165 + q. Calculate the greatest common divisor of 25 and j.
25
Let i be -4 + (-2 + 2 + -1)*89. Let f = 119 + i. What is the greatest common factor of f and 91?
13
Let i be ((-3)/(-6))/((-2)/(2 + -26)). Let w(j) = j**2 + 2*j + 4. Let r = -8 + 4. Le